 greatest common factor of 45 and 1005?
15
What is the greatest common factor of 73728 and 128?
128
What is the greatest common factor of 405 and 15?
15
What is the greatest common factor of 3570 and 420?
210
Calculate the highest common factor of 2429 and 7.
7
What is the greatest common divisor of 36 and 108?
36
What is the greatest common factor of 52 and 16?
4
What is the highest common factor of 1341 and 9?
9
Calculate the greatest common factor of 10120 and 1320.
440
Calculate the greatest common divisor of 105 and 60.
15
What is the greatest common divisor of 96 and 7264?
32
What is the greatest common divisor of 380 and 940?
20
Calculate the highest common divisor of 12 and 384.
12
Calculate the greatest common divisor of 81 and 162.
81
What is the greatest common divisor of 29 and 319?
29
Calculate the highest common factor of 2007 and 27.
9
What is the greatest common divisor of 57 and 247?
19
What is the greatest common divisor of 286 and 3042?
26
Calculate the highest common divisor of 22 and 37279.
11
What is the greatest common factor of 371 and 265?
53
Calculate the highest common divisor of 10 and 32.
2
Calculate the highest common divisor of 1177 and 107.
107
Calculate the greatest common divisor of 18 and 1161.
9
What is the highest common divisor of 1159 and 19?
19
Calculate the greatest common divisor of 3648 and 114.
114
What is the highest common divisor of 17138 and 38?
38
What is the greatest common divisor of 11 and 1529?
11
What is the greatest common factor of 973 and 21?
7
Calculate the greatest common factor of 936 and 18.
18
What is the highest common divisor of 35 and 189?
7
Calculate the highest common factor of 976 and 64.
16
Calculate the greatest common factor of 20 and 690.
10
Calculate the greatest common factor of 182 and 286.
26
Calculate the greatest common factor of 217 and 175.
7
What is the highest common divisor of 27208 and 152?
152
Calculate the highest common factor of 9682 and 235.
47
What is the greatest common divisor of 7 and 763?
7
Calculate the greatest common divisor of 1408 and 22.
22
What is the greatest common factor of 2 and 128?
2
Calculate the greatest common divisor of 1792 and 28.
28
Calculate the highest common factor of 16 and 10.
2
Calculate the highest common factor of 312 and 6942.
78
What is the highest common factor of 96 and 12?
12
What is the greatest common divisor of 9 and 1080?
9
Calculate the greatest common factor of 19 and 33877.
19
What is the highest common factor of 153 and 531?
9
What is the highest common divisor of 6374 and 2?
2
Calculate the highest common divisor of 405 and 15.
15
What is the highest common divisor of 24 and 55032?
24
Calculate the greatest common factor of 24612 and 84.
84
Calculate the highest common divisor of 144 and 6192.
144
Calculate the greatest common factor of 608 and 128.
32
What is the greatest common divisor of 8 and 17?
1
Calculate the highest common divisor of 2345 and 201.
67
What is the highest common divisor of 75 and 20?
5
Calculate the highest common factor of 512 and 16.
16
What is the highest common divisor of 297 and 11?
11
Calculate the greatest common divisor of 432 and 156.
12
Calculate the greatest common factor of 3120 and 20.
20
What is the greatest common divisor of 64 and 1600?
64
What is the highest common factor of 324 and 4644?
108
What is the greatest common factor of 285 and 3325?
95
What is the highest common factor of 38395 and 35?
35
What is the greatest common divisor of 590 and 10?
10
Calculate the greatest common divisor of 9 and 9.
9
Calculate the highest common factor of 726 and 198.
66
What is the greatest common divisor of 15024 and 48?
48
What is the greatest common divisor of 78 and 273?
39
Calculate the greatest common factor of 53 and 1.
1
Calculate the greatest common factor of 1337 and 7.
7
Calculate the greatest common factor of 792 and 9.
9
What is the greatest common divisor of 9917 and 141?
47
What is the greatest common factor of 129 and 215?
43
Calculate the greatest common factor of 30 and 435.
15
Calculate the highest common factor of 22 and 143.
11
What is the highest common divisor of 29 and 29?
29
Calculate the highest common divisor of 1105 and 2665.
65
Calculate the greatest common divisor of 90 and 15.
15
Calculate the greatest common divisor of 15 and 15.
15
Calculate the greatest common factor of 667 and 23.
23
What is the greatest common divisor of 16 and 68?
4
Calculate the highest common divisor of 11660 and 44.
44
What is the greatest common factor of 300 and 340?
20
Calculate the highest common factor of 648 and 36.
36
Calculate the highest common factor of 400 and 128.
16
Calculate the greatest common divisor of 83 and 166.
83
Calculate the greatest common factor of 6 and 606.
6
Calculate the highest common factor of 35 and 560.
35
Calculate the highest common factor of 39 and 9594.
39
Calculate the highest common divisor of 39 and 10569.
39
What is the greatest common factor of 34 and 918?
34
What is the greatest common factor of 192 and 360?
24
What is the highest common divisor of 65 and 39?
13
Calculate the greatest common factor of 388 and 12.
4
What is the highest common factor of 663 and 156?
39
Calculate the greatest common divisor of 48 and 528.
48
Calculate the greatest common divisor of 76 and 722.
38
Calculate the highest common divisor of 879 and 6.
3
Calculate the greatest common factor of 2107 and 14.
7
What is the greatest common factor of 6419 and 1179?
131
Calculate the highest common divisor of 1130 and 10.
10
Calculate the highest common factor of 36 and 225.
9
Calculate the highest common divisor of 18 and 1770.
6
What is the highest common factor of 93 and 1302?
93
Calculate the highest common divisor of 143 and 671.
11
What is the greatest common factor of 50 and 800?
50
Calculate the greatest common divisor of 1591 and 43.
43
What is the highest common divisor of 144 and 16?
16
Calculate the highest common divisor of 587 and 1.
1
What is the greatest common divisor of 1776 and 108?
12
What is the highest common divisor of 442 and 208?
26
What is the greatest common divisor of 28 and 238?
14
Calculate the highest common divisor of 28 and 12943.
7
Calculate the highest common divisor of 44 and 594.
22
What is the greatest common factor of 11996 and 4?
4
What is the greatest common factor of 319 and 22?
11
What is the highest common divisor of 550 and 6325?
275
Calculate the highest common divisor of 86 and 1634.
86
What is the highest common factor of 60 and 60?
60
Calculate the highest common divisor of 2020 and 20.
20
Calculate the greatest common divisor of 252 and 812.
28
What is the greatest common factor of 81 and 46467?
27
What is the highest common divisor of 26 and 8?
2
What is the highest common divisor of 13685 and 161?
161
Calculate the highest common factor of 8 and 24.
8
Calculate the greatest common divisor of 54 and 156.
6
What is the greatest common divisor of 160 and 10?
10
Calculate the highest common factor of 4 and 10.
2
What is the greatest common divisor of 228 and 9?
3
Calculate the greatest common divisor of 15 and 9690.
15
Calculate the greatest common divisor of 26 and 50.
2
Calculate the highest common factor of 26624 and 52.
52
What is the greatest common factor of 133 and 19?
19
Calculate the greatest common divisor of 17470 and 10.
10
Calculate the greatest common divisor of 532 and 12.
4
What is the highest common divisor of 17161 and 393?
131
What is the highest common divisor of 9 and 207?
9
What is the highest common factor of 1540 and 56?
28
What is the highest common factor of 177 and 118?
59
Calculate the greatest common factor of 16 and 176.
16
Calculate the greatest common factor of 2044 and 126.
14
What is the highest common factor of 47 and 376?
47
What is the highest common factor of 10 and 5?
5
What is the highest common factor of 6 and 96?
6
Calculate the highest common divisor of 36 and 192.
12
Calculate the highest common factor of 620 and 2356.
124
Calculate the greatest common factor of 3045 and 385.
35
Calculate the highest common factor of 81 and 2025.
81
What is the highest common factor of 2144 and 469?
67
What is the highest common divisor of 504 and 9?
9
Calculate the greatest common diviso